{"id":1405,"date":"2025-06-30T14:46:19","date_gmt":"2025-06-30T14:46:19","guid":{"rendered":"https:\/\/homecare.farmaciepedroni.com\/?post_type=product&#038;p=1405"},"modified":"2025-06-30T14:46:19","modified_gmt":"2025-06-30T14:46:19","slug":"bd-bard-flip-flo","status":"publish","type":"product","link":"https:\/\/homecare.farmaciepedroni.com\/?product=bd-bard-flip-flo","title":{"rendered":"BD Bard\u00ae FLIP &#8211; FLO\u00ae"},"content":{"rendered":"<p>La valvola del catetere FLIP-FLO\u00ae \u00e8 adatta per un&#8217;ampia gamma di pazienti che utilizzano cateteri uretrali o sovrapubici. La valvola del catetere FLIP-FLO\u00ae pu\u00f2 aiutare a mantenere il tono e la capacit\u00e0 della vescica. L&#8217;azione di lavaggio pu\u00f2 anche ridurre il rischio di ostruzione.<\/p>\n","protected":false},"excerpt":{"rendered":"<p>La valvola del catetere FLIP-FLO\u00ae \u00e8 adatta per un&#8217;ampia gamma di pazienti che utilizzano cateteri uretrali o sovrapubici. La valvola&hellip;<\/p>\n","protected":false},"featured_media":0,"template":"","meta":[],"product_brand":[],"product_cat":[42],"product_tag":[],"class_list":{"0":"post-1405","1":"product","2":"type-product","3":"status-publish","5":"product_cat-materiale-cateterismo","7":"first","8":"instock","9":"shipping-taxable","10":"purchasable","11":"product-type-simple"},"_links":{"self":[{"href":"https:\/\/homecare.farmaciepedroni.com\/index.php?rest_route=\/wp\/v2\/product\/1405","targetHints":{"allow":["GET"]}}],"collection":[{"href":"https:\/\/homecare.farmaciepedroni.com\/index.php?rest_route=\/wp\/v2\/product"}],"about":[{"href":"https:\/\/homecare.farmaciepedroni.com\/index.php?rest_route=\/wp\/v2\/types\/product"}],"wp:attachment":[{"href":"https:\/\/homecare.farmaciepedroni.com\/index.php?rest_route=%2Fwp%2Fv2%2Fmedia&parent=1405"}],"wp:term":[{"taxonomy":"product_brand","embeddable":true,"href":"https:\/\/homecare.farmaciepedroni.com\/index.php?rest_route=%2Fwp%2Fv2%2Fproduct_brand&post=1405"},{"taxonomy":"product_cat","embeddable":true,"href":"https:\/\/homecare.farmaciepedroni.com\/index.php?rest_route=%2Fwp%2Fv2%2Fproduct_cat&post=1405"},{"taxonomy":"product_tag","embeddable":true,"href":"https:\/\/homecare.farmaciepedroni.com\/index.php?rest_route=%2Fwp%2Fv2%2Fproduct_tag&post=1405"}],"curies":[{"name":"wp","href":"https:\/\/api.w.org\/{rel}","templated":true}]}}